

{"id":40,"date":"2019-02-27T10:00:19","date_gmt":"2019-02-27T09:00:19","guid":{"rendered":"http:\/\/www.pastoralefamiliare.arcidiocesi.palermo.it\/wordpress\/?page_id=40"},"modified":"2023-02-08T12:34:48","modified_gmt":"2023-02-08T11:34:48","slug":"consultori-familiari","status":"publish","type":"page","link":"https:\/\/pastoralefamiliare.chiesadipalermo.it\/wordpress6\/consultori-familiari\/","title":{"rendered":"Consultori Familiari"},"content":{"rendered":"<h1>CENTRO FRANCESCANO DI ASCOLTO SOCIO-PSICO-SPIRITUALE<\/h1>\n<div class=\"statement tile\"><img decoding=\"async\" src=\"https:\/\/assistant.gloria.tv\/FxK6pqhk7ZiS1AZwTDoBU6KMY\/i63sqs0swz0icavsgqak76zgk8i026n9x0ixu8t.webp?scale=512&amp;format=webp\" alt=\"\" width=\"460\" height=\"25\" data-scale=\"{&quot;mediatype&quot;:&quot;image\/webp&quot;,&quot;frames&quot;:null,&quot;faces&quot;:null,&quot;saliency&quot;:null}\" \/>Questo progetto nasce nel 2011 dall&#8217;evidenza che nella societ\u00e0 di oggi si riscontrano sempre pi\u00f9 spesso situazioni socio-psico-spirituali molto difficili che colpiscono tutte le fasce di et\u00e0; giovani disorientati, con gravi problematiche di carattere affettivo e occupazionali, persone con complesse situazioni di sofferenze di vario genere, causate spesso dagli operatori dell&#8217;occulto. Le famiglie si trovano spesso sole a far fronte a questi problemi, incappando spesso in ambienti che rischiano di peggiorare la situazione.<\/p>\n<p>Per saperne di pi\u00f9: <a href=\"https:\/\/gloria.tv\/post\/NAfcQ3RoM3PP4U7nKULdNP9mo\" target=\"_blank\" rel=\"noopener\">https:\/\/gloria.tv\/post\/NAfcQ3RoM3PP4U7nKULdNP9mo<\/a><\/p>\n<figure class=\"left\">\n<div><\/div>\n<\/figure>\n<\/div>\n<h1 style=\"font-weight: 400;\"><b>Consultorio Familiare \u201cCana\u201d<\/b><\/h1>\n<p style=\"font-weight: 400;\">Corso Calatafimi, 1057 &#8211; Palermo (PA)<\/p>\n<p style=\"font-weight: 400;\">Tel. 091\/6683000<\/p>\n<p style=\"font-weight: 400;\">Visita il sito\u00a0<a href=\"http:\/\/www.consultoriocana.it\/\" target=\"_blank\" rel=\"noopener\">http:\/\/www.consultoriocana.it\/<\/a><\/p>\n<p style=\"font-weight: 400;\"><b>Consultorio\u00a0 La Casa\u00a0\u00a0<\/b><\/p>\n<p style=\"font-weight: 400;\">Via F.P. Di Blasi, 15\u00a0 &#8211; Palermo (PA)<\/p>\n<p style=\"font-weight: 400;\">Tel. 091\/300997<\/p>\n<p>Per saperne di pi\u00f9\u00a0<a href=\"https:\/\/www.facebook.com\/consultoriolacasa\/\" target=\"_blank\" rel=\"noopener\">https:\/\/www.facebook.com\/consultoriolacasa\/<\/a><\/p>\n<p style=\"font-weight: 400;\">\n","protected":false},"excerpt":{"rendered":"<p>CENTRO FRANCESCANO DI ASCOLTO SOCIO-PSICO-SPIRITUALE Questo progetto nasce nel 2011 dall&#8217;evidenza che nella societ\u00e0 di oggi si riscontrano sempre pi\u00f9 spesso situazioni socio-psico-spirituali molto difficili che colpiscono tutte le fasce [&hellip;]<\/p>\n","protected":false},"author":1,"featured_media":0,"parent":0,"menu_order":0,"comment_status":"closed","ping_status":"closed","template":"","meta":{"footnotes":""},"class_list":["post-40","page","type-page","status-publish","hentry"],"_links":{"self":[{"href":"https:\/\/pastoralefamiliare.chiesadipalermo.it\/wordpress6\/wp-json\/wp\/v2\/pages\/40","targetHints":{"allow":["GET"]}}],"collection":[{"href":"https:\/\/pastoralefamiliare.chiesadipalermo.it\/wordpress6\/wp-json\/wp\/v2\/pages"}],"about":[{"href":"https:\/\/pastoralefamiliare.chiesadipalermo.it\/wordpress6\/wp-json\/wp\/v2\/types\/page"}],"author":[{"embeddable":true,"href":"https:\/\/pastoralefamiliare.chiesadipalermo.it\/wordpress6\/wp-json\/wp\/v2\/users\/1"}],"replies":[{"embeddable":true,"href":"https:\/\/pastoralefamiliare.chiesadipalermo.it\/wordpress6\/wp-json\/wp\/v2\/comments?post=40"}],"version-history":[{"count":2,"href":"https:\/\/pastoralefamiliare.chiesadipalermo.it\/wordpress6\/wp-json\/wp\/v2\/pages\/40\/revisions"}],"predecessor-version":[{"id":2772,"href":"https:\/\/pastoralefamiliare.chiesadipalermo.it\/wordpress6\/wp-json\/wp\/v2\/pages\/40\/revisions\/2772"}],"wp:attachment":[{"href":"https:\/\/pastoralefamiliare.chiesadipalermo.it\/wordpress6\/wp-json\/wp\/v2\/media?parent=40"}],"curies":[{"name":"wp","href":"https:\/\/api.w.org\/{rel}","templated":true}]}}

<h1>CENTRO FRANCESCANO DI ASCOLTO SOCIO-PSICO-SPIRITUALE</h1>
<div class="statement tile"><img decoding="async" src="https://assistant.gloria.tv/FxK6pqhk7ZiS1AZwTDoBU6KMY/i63sqs0swz0icavsgqak76zgk8i026n9x0ixu8t.webp?scale=512&amp;format=webp" alt="" width="460" height="25" data-scale="{&quot;mediatype&quot;:&quot;image/webp&quot;,&quot;frames&quot;:null,&quot;faces&quot;:null,&quot;saliency&quot;:null}" />Questo progetto nasce nel 2011 dall&#8217;evidenza che nella società di oggi si riscontrano sempre più spesso situazioni socio-psico-spirituali molto difficili che colpiscono tutte le fasce di età; giovani disorientati, con gravi problematiche di carattere affettivo e occupazionali, persone con complesse situazioni di sofferenze di vario genere, causate spesso dagli operatori dell&#8217;occulto. Le famiglie si trovano spesso sole a far fronte a questi problemi, incappando spesso in ambienti che rischiano di peggiorare la situazione.</p>
<p>Per saperne di più: <a href="https://gloria.tv/post/NAfcQ3RoM3PP4U7nKULdNP9mo" target="_blank" rel="noopener">https://gloria.tv/post/NAfcQ3RoM3PP4U7nKULdNP9mo</a></p>
<figure class="left">
<div></div>
</figure>
</div>
<h1 style="font-weight: 400;"><b>Consultorio Familiare “Cana”</b></h1>
<p style="font-weight: 400;">Corso Calatafimi, 1057 &#8211; Palermo (PA)</p>
<p style="font-weight: 400;">Tel. 091/6683000</p>
<p style="font-weight: 400;">Visita il sito <a href="http://www.consultoriocana.it/" target="_blank" rel="noopener">http://www.consultoriocana.it/</a></p>
<p style="font-weight: 400;"><b>Consultorio  La Casa  </b></p>
<p style="font-weight: 400;">Via F.P. Di Blasi, 15  &#8211; Palermo (PA)</p>
<p style="font-weight: 400;">Tel. 091/300997</p>
<p>Per saperne di più <a href="https://www.facebook.com/consultoriolacasa/" target="_blank" rel="noopener">https://www.facebook.com/consultoriolacasa/</a></p>
<p style="font-weight: 400;">

<p>CENTRO FRANCESCANO DI ASCOLTO SOCIO-PSICO-SPIRITUALE Questo progetto nasce nel 2011 dall&#8217;evidenza che nella società di oggi si riscontrano sempre più spesso situazioni socio-psico-spirituali molto difficili che colpiscono tutte le fasce [&hellip;]</p>
